factors of b.
47
Let x be 652 + -4 + 3 + 9. Suppose 12*s = 24*s - x. What are the prime factors of s?
5, 11
Suppose 2*o - 2 + 8 = n, -4*n - 8 = 0. Let g be 102/(0 - o/6). Suppose 0 = -4*w - 3*v + g + 101, -3*w + 2*v + 182 = 0. List the prime factors of w.
2, 31
Let w = -7423 - -11723. List the prime factors of w.
2, 5, 43
Let w(d) = 132*d + 600. List the prime factors of w(28).
2, 3, 179
Let q be -3 + -1 - (2 + (-16)/4). Let a be 6 - (0 - q) - 2. Suppose -285 + 1644 = 5*p - a*m, 3*p = m + 816. List the prime factors of p.
3, 7, 13
Suppose 2*w + 39174 = 4*m, 111*m - 112*m - 4*w + 9798 = 0. What are the prime factors of m?
2, 59, 83
Let u(s) = -s**2 - 27*s - 42. Let v be 2/(-10) - 940/50 - 1. Let g be u(v). Suppose 0 = 4*j - 338 - g. What are the prime factors of j?
109
Suppose 537*s - 542*s + 38920 = 0. List the prime factors of s.
2, 7, 139
Let i be (3/(-9))/(6/(-72)). Suppose 5*b + i*n = 361, -b = n + 18 - 91. Suppose -2 = g - b. List the prime factors of g.
67
Suppose -3*p = -125 + 122. Let q(w) = 1534*w**2 + 6*w. What are the prime factors of q(p)?
2, 5, 7, 11
Suppose 0 = -4*a + 21 - 89. Let f(d) = 15*d - 430. Let l(z) = z - 36. Let y(u) = -3*f(u) + 35*l(u). List the prime factors of y(a).
2, 5
Suppose 736*w + 12765 = 759*w. List the prime factors of w.
3, 5, 37
Let w(y) = y**2 + 3*y - 24. Let o be w(-7). Suppose l = -i + 20, 0 = -2*l + o*i + 19 + 39. What are the prime factors of l?
23
Let z = 647 - -6029. List the prime factors of z.
2, 1669
Suppose -4*m - 3*o = -1223, 320 = m - 2*o - 2*o. Suppose 52*s = 53*s - m. List the prime factors of s.
2, 7, 11
Suppose -9*u - 6*q = -4*u + 708, u + 3*q = -129. Suppose -d + 270 = -0*d. Let t = d + u. List the prime factors of t.
2, 3, 5
Let i = -68 - -41. Let j = i - -51. List the prime factors of (-619)/(-7) + j/(-56).
2, 11
Suppose 0 = 62*w - 60*w - 6. Suppose -4*j + 4 - w = -5*r, -5*r = -15. What are the prime factors of -41*(-4 + 8/j) - 4?
2, 3, 13
Let s(k) = -12*k**2 - 3*k**3 + 7*k**2 - 14*k - 26 + 2*k**3 - 12*k**2. Let y be s(-12). List the prime factors of 1 + (-18)/30 - y/5.
2, 29
Suppose 0 = 21*l - 12*l - 27. Suppose l*d + 479 = 2*q - 165, 4*q - 1248 = -4*d. What are the prime factors of q?
2, 79
Suppose -2*c = 5*r - 65, 3*c + 2*c = 2*r + 235. Let m be (20/30)/((-30)/(-27) - 1). Suppose m*l + c - 291 = 0. List the prime factors of l.
41
Let v be (-1)/1 - 38/(-19). Let y be (-279)/(-3 + 2/v). Suppose -27*p + 24*p = -y. List the prime factors of p.
3, 31
Let n = 122 - 120. Let w be (4 + (-5 - -1))/n + 1116. List the prime factors of (w/33 + (-6)/(-33))*7.
2, 7, 17
List the prime factors of (131/3 - 1)*(-21 + 249).
2, 19
Let y(d) = -2*d**2 - 4*d + 12. Let p be y(3). Let m = p - -20. Suppose 4*r - 10 = -a, 4*a - 105 = m*r - 5*r. What are the prime factors of a?
2, 3, 5
Let t(l) = -3311*l + 129. Let b be t(-9). What are the prime factors of b/24 + 2 + -10?
3, 7, 59
Let h be 0/(-2)*2/2. Suppose -5*d + 1281 + 569 = 5*y, -y - 4*d + 379 = h. List the prime factors of y.
367
Let y(h) = 2*h**2 - 137*h + 853. List the prime factors of y(64).
277
Let n(p) = p**3 - p**2 - 10*p + 8. Suppose 0*j = -7*j - 147. Let b be (-3)/j - (2 - 165/21). What are the prime factors of n(b)?
2
Suppose 21132 = 3*i - 5*p, 4*i - 9*i + p = -35242. List the prime factors of i.
7, 19, 53
Let u(r) be the third derivative of -r**6/60 + r**5/6 + 7*r**4/8 + 20*r**3/3 + 167*r**2. List the prime factors of u(-7).
1069
What are the prime factors of (-1242852)/(-336) - (-9)/252?
3, 137
Let c(y) = -53*y - 2. Let l be c(-4). Suppose -l = -4*w - w. Suppose 9*u = 3*u + w. List the prime factors of u.
7
Let z = 61922 - 36071. List the prime factors of z.
3, 7, 1231
Suppose 251*t - 63 = 230*t. Suppose 3*o - 1497 = -t*c, -990 = -2*o - 6*c + 8*c. What are the prime factors of o?
7, 71
Suppose -42*b - 17626 + 189994 = 0. List the prime factors of b.
2, 3, 19
Suppose 0 = -3*v + 5*n + 128190, -v + n + 6542 = -36186. What are the prime factors of v?
5, 1709
Let c = 32865 - 21949. What are the prime factors of c?
2, 2729
List the prime factors of (17/((-595)/(-30)))/(42/60956).
2, 311
Let j(u) = 5724*u**2 - 15*u + 16. List the prime factors of j(1).
5, 229
Suppose 2*v + 113 + 283 = -5*f, -3*v + f = 594. Let b = v + 1075. Suppose 8*o + 157 = b. What are the prime factors of o?
2, 3, 5
Let z(i) = 223*i**2 + 445*i - 13. List the prime factors of z(7).
14029
Suppose 0 = -4*v - o + 37761, -18873 = v - 3*v - 3*o. What are the prime factors of v?
3, 1049
Let f(i) = -2*i + 6*i - 6*i**2 - 8 - 7*i**3 + 9*i**3 + 7*i. Let v(h) = h**3 + 4*h**2 - h. Let a be v(-4). List the prime factors of f(a).
2, 17
Suppose -41*t + 1497 = -44*t + w, -2*w = -t - 504. Let z = 1313 + t. List the prime factors of z.
5, 163
Let d = -8200 + 14823. List the prime factors of d.
37, 179
Suppose -7*f + 779 = -649. Let o = -94 + f. What are the prime factors of o?
2, 5, 11
Let l = 108 - -20592. List the prime factors of l.
2, 3, 5, 23
Let f = -362 - -364. List the prime factors of (31/f)/(((-104)/(-13))/304).
19, 31
Let z(c) be the first derivative of 90*c**4 + c**3/3 - 3*c**2/2 + 2*c + 45. List the prime factors of z(1).
2, 3, 5
Suppose 2*p - 9228 = -2*a, 4*a = -2*p + 3996 + 5246. What are the prime factors of p?
17, 271
Suppose 24 + 6 = 6*i. Suppose -205 = 3*o - 2*x - 14, -i*o + 2*x - 321 = 0. Let y = -2 - o. What are the prime factors of y?
3, 7
Let d = -26 - -28. Suppose d*y + 3*y = 17*y. Suppose -4*t + 4 = 0, 4*t + 19 = r - y*r. What are the prime factors of r?
23
Let s = 5024 - -233. Suppose 26*t + s = 33*t. List the prime factors of t.
751
Suppose 0 = 3*m + k - 12941, -133*m = -134*m - k + 4313. What are the prime factors of m?
2, 3, 719
List the prime factors of ((-20)/(-14))/(232/259840).
2, 5
What are the prime factors of 20/2 + -95 + 1342?
3, 419
Let c = -22 + 27. Suppose m + 4*p - 330 = -m, -4*m - c*p = -651. Let w = -85 + m. List the prime factors of w.
2, 37
Suppose -5*r + 117 = 4*p, 7 = 2*r - 4*p - 23. Suppose 4*j + 5 = r. Suppose 2*c = j*c - 166. What are the prime factors of c?
83
Let b(g) = -g**3 - 5*g**2 - 8*g - 11. Let d be b(-4). Let c = 9 - d. Suppose 0 = -l - 2*l + c*s + 248, -3*s = -l + 76. List the prime factors of l.
2, 11
Let q(r) = 6*r**2 + 9*r - 35. Let m = 101 + -110. Let s be q(m). Let f = s - 145. What are the prime factors of f?
3, 5
Suppose -3*m - 615 = -g + 386, -5*m - 4975 = -5*g. Suppose 6*s - g = 4*s. What are the prime factors of s?
2, 31
Let s(r) = 123*r**3 - 3*r**2 + 2. Let v be s(-2). Let y = 1792 + v. List the prime factors of y.
2, 3, 7, 19
Let c = 267 - 271. List the prime factors of ((-138)/(-15))/(c/(-120)).
2, 3, 23
Suppose 3*h + 651*i - 103308 = 648*i, 6*i - 3*i = 0. What are the prime factors of h?
2, 8609
List the prime factors of 3/4 - (-5)/(140/198751).
31, 229
Let w(z) = -z**2 - 7*z + 143. Let m be w(8). Suppose 5610 = m*x - 20*x + 4*r, 0 = -2*x + r + 3740. What are the prime factors of x?
2, 5, 11, 17
Suppose 402*y + 425271 = 423*y. List the prime factors of y.
7, 11, 263
Suppose -17*z - 17 = -34*z. What are the prime factors of ((13 - -1 - z) + 4)*2?
2, 17
Suppose 64*a = -58*a + 127*a - 91720. List the prime factors of a.
2, 2293
Let k = -20978 - -60518. What are the prime factors of k?
2, 3, 5, 659
Suppose 0 = 6*w - 10*w. Suppose w = 6*r + 1 - 349. Let v = r + -2. What are the prime factors of v?
2, 7
Suppose -4*p + 3*p = 2*r - 21761, -p + 21776 = 5*r. What are the prime factors of p?
21751
Suppose -53*l + 143*l = 353430. List the prime factors of l.
3, 7, 11, 17
Let k = -162 - -165. Suppose 2*q + 4*m - 714 = 0, -8*q + k*q = 2*m - 1801. List the prime factors of q.
19
Let c(m) be the second derivative of 19*m**3/6 - 43*m**2 + 11*m. What are the prime factors of c(27)?
7, 61
Let f(u) = 7*u**2 - 13*u + 56011. What are the prime factors of f(0)?
79, 709
Let v = -892 + 1451. Suppose -5*y - 300 = -2*c + v, 3*y - 835 = -2*c. List the prime factors of c.
2, 211
Let q(u) = 4398*u**2 + 43*u + 3. List the prime factors of q(-2).
17509
Let j(k) be the third derivative of -119*k**4/24 + k**3/2 - 3*k**2. Let b(o) = 357*o - 8. Let i(m) = -3*b(m) - 8*j(m). What are the prime factors of i(-1)?
7, 17
Suppose -i = -0*i - 4*m - 1, -14 = 5*i - m. List the prime factors of 2 - (-7 + -124 + i).
2, 17
Let q(g) = 6779*g**2 + 398*g + 797. What are the